0).
16
Let w(f) = -2*f + 13. Give w(10).
-7
Let p(w) = -w**2 + w + 1. Determine p(0).
1
Let b(v) = 82*v - 163. Determine b(2).
1
Let y(h) = -h**2 + 5*h. Determine y(1).
4
Let g(y) = -7*y + 15. What is g(1)?
8
Let n(k) = k**2 - 26*k + 5. Calculate n(25).
-20
Let b(v) = v**2 + 31*v - 94. Give b(-35).
46
Let z(o) = o**2 - 16*o - 13. Give z(17).
4
Let u(y) = 2*y. Give u(3).
6
Let t(n) = 3*n + 18. Calculate t(-7).
-3
Let d(g) = -g**3 + 11*g**2 - 5*g + 18. Give d(8).
170
Let w(x) = -12*x - 11. Calculate w(-2).
13
Let s(u) = -u - 8. What is s(-6)?
-2
Let t(p) = p**3 - 2*p**2 + p + 6. What is t(0)?
6
Let h(r) = -3*r**2 + 5*r - 1. Calculate h(3).
-13
Let d(t) = -42*t**2. Determine d(1).
-42
Let k(j) = j + 5. Give k(-8).
-3
Let o(y) = -y**3 - 25*y**2 + 19. Determine o(-25).
19
Let v(p) = p**2 + 4*p + 7. Calculate v(-3).
4
Let n(x) = -x**2 - 3*x + 3. What is n(4)?
-25
Let y(l) = -l**2 + 16*l - 59. What is y(8)?
5
Let i(v) = -v**2 + 8*v - 3. What is i(8)?
-3
Let l(d) = -d**3 - 3*d**2 + 4*d + 3. What is l(-3)?
-9
Let o(n) = 35*n + 145. Calculate o(-4).
5
Let w(b) = b**3 - 11*b**2 + 11*b - 2. What is w(10)?
8
Let q(g) = -g + 1. Give q(-4).
5
Let j(n) = n**2 + n + 5. Give j(0).
5
Let z(r) = -8*r. Calculate z(3).
-24
Let k(s) = s + 8. Calculate k(-8).
0
Let n(c) = -c**2 + 15*c - 16. Calculate n(14).
-2
Let b(w) = w**3 - 2*w**2 - 8*w + 5. What is b(4)?
5
Let k(i) = 2*i + 11. What is k(-8)?
-5
Let p(b) = -8*b**3 - 2*b**2 + b + 1. Calculate p(-2).
55
Let t(z) = z**3 - 14*z**2 + z - 1. What is t(14)?
13
Let l(i) = i**2 - 10*i + 11. Give l(7).
-10
Let y(w) = -w**3 + 16*w**2 + 21*w - 63. Calculate y(17).
5
Let r(o) = -o**2 + 11*o + 1. What is r(9)?
19
Let a(f) = -f**2 + 10*f - 5. Give a(8).
11
Let b(a) = 11*a + 18. Give b(-1).
7
Let b(h) = -h - 19. Calculate b(-8).
-11
Let y(g) = 4*g**3 + g - 2. What is y(2)?
32
Let f(m) = m**2 - 8*m + 10. Determine f(7).
3
Let i(t) = -13*t - 271. Give i(-21).
2
Let a(k) = k**3 + 5*k**2 - 5*k + 6. Give a(-6).
0
Let c(a) = 2*a - 10. Determine c(6).
2
Let s(c) = 5*c + 48. Calculate s(-9).
3
Let o(f) = f**3 - 8*f**2 + 6*f - 1. Determine o(8).
47
Let d(x) = 3*x**2 - 4. What is d(-3)?
23
Let g(l) = -l**3 - 8*l**2 + 31*l + 101. Determine g(-10).
-9
Let n(m) = -m**3 + 7*m**2 - 7*m + 1. What is n(6)?
-5
Let v(b) = b**2 + 4*b - 122. What is v(9)?
-5
Let b(p) = -p**2 + 1. Give b(3).
-8
Let p(t) = -48*t**3 + 2*t**2 - 3*t + 2. What is p(1)?
-47
Let g(h) = -h**3 + 10*h**2 - 9*h + 4. What is g(9)?
4
Let u(o) = 18*o - 49. Determine u(8).
95
Let g(y) = -2*y**3 + 10*y**2 + 10*y + 4. Determine g(6).
-8
Let z(a) = 4*a**2 - 2*a + 4. Give z(3).
34
Let s(q) = -q**3 - 4*q**2 + 5*q. What is s(-4)?
-20
Let q(v) = -v**3 - 8*v**2 - 13*v + 8. Determine q(-6).
14
Let g(b) = b + 15. Give g(-10).
5
Let p(x) = 11*x + 10. Calculate p(-2).
-12
Let m(i) = 24*i + 107. Calculate m(-4).
11
Let n(l) = l**2 + 11*l - 6. What is n(-11)?
-6
Let r(m) = m**2 + 20*m - 1. Give r(3).
68
Let q(g) = 23*g - 230. Give q(10).
0
Let k(z) = -z - 13. Determine k(-13).
0
Let d(b) = b**2 - 7*b + 7. Determine d(5).
-3
Let i(f) = 2*f**3 + 8*f**2 + 5*f + 14. What is i(-4)?
-6
Let k(v) = 2*v**3 + 4*v + 3. Determine k(-1).
-3
Let t(g) = -74*g + 230. Give t(3).
8
Let q(d) = -2*d**3 + 9*d - 12. What is q(2)?
-10
Let y(n) = 3*n**2 - 3*n - 3. Determine y(3).
15
Let b(j) = -2*j**2 + 2*j - 11. Determine b(3).
-23
Let n(d) = 5*d - 6. Calculate n(-8).
-46
Let x(y) = 12*y + 246. Calculate x(-21).
-6
Let g(q) = 8*q - 95. What is g(12)?
1
Let j(h) = h**3 + 2*h**2 - 9*h + 23. Give j(-4).
27
Let g(x) = 24*x + 5. Determine g(-3).
-67
Let z(v) = v**2 - 24*v + 19. Calculate z(16).
-109
Let o(a) = -a**3 - 12*a**2 - 14*a - 15. Calculate o(-11).
18
Let q(j) = j**2 - j - 4. Calculate q(4).
8
Let h(p) = -3*p**2 - 2*p - 1. Give h(-2).
-9
Let q(y) = y + 2. Give q(9).
11
Let y(z) = 16*z - 469. Determine y(29).
-5
Let p(c) = c**3 + 8*c**2 + 5*c - 10. What is p(-5)?
40
Let x(h) = h**3 + 5*h**2 + 10*h + 5. What is x(-2)?
-3
Let b(w) = -5*w - 23. Determine b(-5).
2
Let u(j) = j**3 - 15*j**2 + 14*j + 21. What is u(14)?
21
Let g(c) = -c**3 + 9*c**2 - 12*c + 30. Give g(8).
-2
Let b(q) = -24*q**3 - q**2. Give b(-1).
23
Let c(j) = j + 61. Calculate c(-19).
42
Let v(z) = 5*z**3 + z**2 - z - 2. Give v(-1).
-5
Let r(o) = 3*o + 12. Determine r(-7).
-9
Let d(s) = -5*s + 2. Calculate d(8).
-38
Let n(l) = 46*l**2 + 3*l - 1. Determine n(1).
48
Let q(m) = m**3 - m**2 - 2*m + 4. What is q(-4)?
-68
Let a(x) = -7*x - 4. Give a(-2).
10
Let p(y) = -20*y + 30. Give p(-6).
150
Let k(b) = b**2 + 7*b. Calculate k(-6).
-6
Let v(a) = -a**3 - 10*a**2 - 11*a + 6. What is v(-9)?
24
Let a(h) = 27*h - 533. Calculate a(20).
7
Let y(u) = u**2 - 23*u + 4. Calculate y(20).
-56
Let h(q) = -2*q**2 - 13*q + 13. What is h(-7)?
6
Let c(f) = -2*f**2 + 17*f - 1. Determine c(12).
-85
Let x(c) = -c**2 + 31*c - 26. Calculate x(30).
4
Let b(s) = -4*s - 58. Calculate b(-23).
34
Let g(v) = -v - 12. Give g(-5).
-7
Let o(i) = -2*i**2 - 17*i - 24. What is o(-6)?
6
Let l(y) = 12*y**2 - 3*y + 3. Give l(2).
45
Let f(t) = 14*t + 22. What is f(-4)?
-34
Let g(r) = -15*r - 423. Determine g(-28).
-3
Let k(b) = -b - 2. What is k(-8)?
6
Let y(d) = -d**2 - 9*d - 10. What is y(-8)?
-2
Let h(c) = c**2 + 27*c + 38. Calculate h(-6).
-88
Let b(u) = -u**2 - u + 13. What is b(-4)?
1
Let w(x) = 3*x**3 + 7*x**2 - 13*x - 22. What is w(-3)?
-1
Let v(d) = 13*d + 16. What is v(-7)?
-75
Let g(n) = n**2 + 10*n + 10. Determine g(-8).
-6
Let u(c) = 4*c + 9. Determine u(-3).
-3
Let k(x) = -2*x**2 + 27*x + 46. Calculate k(16).
-34
Let d(x) = -x + 6. Determine d(13).
-7
Let f(s) = -11*s + 50. Determine f(5).
-5
Let d(q) = -27*q + 9. What is d(4)?
-99
Let r(z) = -z - 13. Give r(-4).
-9
Let j(u) = -23*u**2 + 7*u + 7. Give j(-1).
-23
Let o(z) = -z**2 + 6*z + 69. Give o(12).
-3
Let n(s) = s**2 - 4*s - 8. Calculate n(5).
-3
Let i(z) = 4*z + 7. Calculate i(15).
67
Let m(c) = 6*c. Calculate m(2).
12
Let s(z) = 12*z**2 - 13*z - 13. What is s(-1)?
12
Let q(n) = -2*n**3 + 40*n**2 - 101*n - 22. Determine q(17).
-5
Let w(b) = b**2 - 36*b - 27. Calculate w(37).
10
Let i(y) = 25*y - 285. Calculate i(11).
-10
Let j(p) = 3*p - 98. What is j(30)?
-8
Let h(p) = p - 4. Calculate h(-4).
-8
Let m(h) = 22*h - 173. What is m(9)?
25
Let n(p) = -4*p + 46. What is n(19)?
-30
Let c(p) = -63*p + 250. Calculate c(4).
-2
Let x(v) = 2*v**2 - 6*v + 7. Determine x(6).
43
Let j(k) = 7*k - 99. Calculate j(13).
-8
Let m(z) = -8*z + 9. Calculate m(1).
1
Let z(l) = l**3 + 16*l**2 + 27*l + 6. Give z(-14).
20
Let x(p) = p**2 + 145*p + 285. Determine x(-2).
-1
Let m(b) = -7*b + 1. What is m(2)?
-13
Let m(j) = j**3 - 7*j**2 + 7*j - 1. Determine m(5).
-16
Let t(g) = 22*g - 9. Determine t(9).
189
Let b(n) = 17*n**2 - 23*n - 22. What is b(-1)?
18
Let o(a) = -17*a + 28. What is o(6)?
-74
Let h(q) = -q**2 - 5*q - 3. What is h(0)?
-3
Let g(w) = 6*w**2. Give g(3).
54
Let k(q) = q**3 + 3*q + 2. Calculate k(-2).
-12
Let g(w) = -w**3 - 6*w**2 + 29*w - 3. Calculate g(-7).
-157
Let d(l) = -l**3 + 3*l**2 - 3*l + 3. What is d(3)?
-6
Let y(s) = s**2 - 6*s. Determine y(-4).
40
Let o(t) = -10*t + 1. Calculate o(8).
-79
Let x(c) = c**3 - 2*c**2 + c + 4. What is x(2)?
6
Let q(v) = -v**3 + 17*v**2 + 18*v + 23. What is q(18)?
23
Let v(h) = h**2 + 1. Calculate v(0).
1
Let m(t) = t**3 - 2*t - 2. Calculate m(-1).
-1
Let v(h) = -h**3 - 6*h**2 - 2*h + 2. Determine v(-5).
-13
Let d(f) = f**3 - 3*f**2 - 4*f - 1. Determine d(4).
-1
Let x(z) = 2*z**2 + 2*z - 3. Determine x(-5).
37
Let q(c) = c**3 - 8*c**2 - 7*c + 22. Determine q(9).
40
Let d(x) = 5*x**2 + 38*x - 6. What is d(-8)?
10
Let z(u) = u**3 - u**2 - u + 66. Determine z(0).
66
Let k(x) = 2*x**2 + 34*x - 18. Determine k(-18).
18
Let k(z) = 16*z + 281. Determine k(-16).
25
Let o(g) = 5*g - 6. Determine o(-2).
-16
Let c(o) = -o**3 - 13*o**2 + 14*o - 10. Give c(-14).
-10
Let z(y) = -36*y**2 + 3*y + 3. What is z(-1)?
-36
Let r(h) = -h**2 + 31*h - 165. What is r(24)?
3
Let a(p) = -17*p + 36. Give a(1).
19
Let y(j) = -2*j + 2. What is y(8)?
-14
Let o(z) = z**3 - 7*z**2 + 9*z - 3. Give o(6).
15
Let c(t) = 10*t**3 + 10*t**2 + 10*t - 1. Give c(-1).
-11
Let s(j) = -8*j + 38. Determine s(5).
-2
Let n(y) = -y**2 + 3*y + 2. Give n(5).
-8
Let v(l) = -l**3 + 5*l**2 - 2*l + 9. Give v(4).
17
Let y(a) = 10*a - 217. Determine y(